u = 4*u - 3*w + 459, 2*w - 898 = -2*u. What are the prime factors of u?
2, 3, 37
Let g(t) = t - 8. Let p be g(8). Let k be (-1)/(p - 1/2). Suppose 3*x - k*x = 69. What are the prime factors of x?
3, 23
Let j(m) = m**2 - 14*m - 18. Let r be j(17). Suppose 0 = -30*z + r*z - 549. What are the prime factors of z?
3, 61
Let v be (2 + -4)/2 - -4. Let c(j) = 4*j**3 + 5*j**2 - 6*j + 5. List the prime factors of c(v).
2, 5, 7
Suppose i + 2531 = 2*z, 5*z - 3460 = -4*i + 2900. What are the prime factors of z?
2, 317
Let s(h) = -h**2 - 3*h - 4. Let y be s(-3). Let b(t) = 7*t**2 - t + 3. What are the prime factors of b(y)?
7, 17
Let b(l) = 58*l - 67. List the prime factors of b(20).
1093
List the prime factors of 441*(440/33 + -9).
3, 7, 13
Let g = -1035 - -2467. List the prime factors of g.
2, 179
Let u(i) = 2*i**3 - 20*i**2 + 2*i - 29. Let s be u(10). Let b = 13 + -28. What are the prime factors of (b*1)/(s/12)?
2, 5
Let w be (-275)/(-66) - 2/12. Suppose 2*m - 116 = 5*f, w*f + 172 + 9 = 3*m. What are the prime factors of m?
3, 7
Suppose 16*c - 60 = 6*c. Suppose h - 5*z = c*h - 40, 28 = 5*h + z. List the prime factors of h.
5
Let k(b) = -b**2 - 17*b - 22. Let f be k(-15). Suppose 2*z + f*z - 2700 = 0. List the prime factors of z.
2, 3, 5
Let f be 1371/12 - 1/4. Suppose f = -32*g + 33*g. What are the prime factors of g?
2, 3, 19
Let n(s) = s**2 - 2*s - 6. Let g be n(5). Let p be (-38)/(-6) - g/27. Let j(i) = i - 3. List the prime factors of j(p).
3
Let u = -472 - -3951. What are the prime factors of u?
7, 71
Suppose 936*g = 940*g - 1860. List the prime factors of g.
3, 5, 31
What are the prime factors of ((-2)/6)/(50/(-450))?
3
What are the prime factors of 2*14/(-6)*1140/(-40)?
7, 19
Suppose -254*z + 255*z = 2. Let i be (-81)/((-2)/((-8)/(-6))). Suppose -5*o + k + 165 = -3*k, -i = -z*o + 4*k. List the prime factors of o.
37
Let w(t) = -t. Let d be w(-3). Suppose -2*j + d + 5 = 0. Suppose j*m - 1 = y - 0, 5*y = m + 71. What are the prime factors of y?
3, 5
Suppose 3*k - 234 = 5*m, -32*m = -29*m - 9. What are the prime factors of k?
83
Suppose 2*z - 3*z + 4 = 0. Let n = 141 + -141. Suppose 4*h + 5*m - 108 = n, -z*m - 28 = -6*h + 4*h. What are the prime factors of h?
2, 11
Let g(k) = 7*k**2 - 19*k - 30. List the prime factors of g(7).
2, 3, 5
Suppose -5*z - 1252 = -9*z. List the prime factors of z.
313
Let d(w) be the second derivative of w**3/6 - 5*w**2/2 - 8*w. Let b be d(8). Suppose b*g - 49 = -5*l, -g + l + 1 = -2. What are the prime factors of g?
2
Suppose 13*j + 1096 = -1218. Let a = -124 - j. What are the prime factors of a?
2, 3
Suppose -2072 = 3*c - 4*y - 374, 2*c + 1125 = 5*y. Let d be (-1)/(3 - c/(-189)). Suppose 0 = 2*j + j - d. List the prime factors of j.
3, 7
Let l be -1 - 0/2 - -3. Suppose -3*n + 12 + 9 = -4*a, 4*n = 3*a + 21. What are the prime factors of (l - (a + 6))*-17?
17
Let p = -14 - -16. Suppose 0 = -3*c - 6, p*c - 7*c = 4*y + 10. Suppose y = 3*q - 2*q - 29. What are the prime factors of q?
29
Suppose 4*z - 8 = 2*z. Suppose -6 = -0*l + 3*l - 3*j, 4*j = -z*l + 32. Suppose -108 = -3*c + 4*x, 0*x + l = -x. List the prime factors of c.
2
Let o(g) = -53*g + 100. What are the prime factors of o(-28)?
2, 3, 11
Let s(l) = 20*l + 148. What are the prime factors of s(0)?
2, 37
Let c(d) = d**2 + 10*d - 14. Let q(m) = -m**3 - 13*m**2 + 13*m - 26. Let z be q(-14). List the prime factors of c(z).
2, 5
Let s(y) = 40*y + 166. What are the prime factors of s(6)?
2, 7, 29
Suppose 3*c - 3478 = -6*g + 4760, 4*g - 16 = 0. What are the prime factors of c?
2, 37
Let p = -337 + 524. Let g = -65 + p. Suppose -c - 4*q + 10 = 0, -5*c - 3*q + g = -q. What are the prime factors of c?
2, 13
Let t(p) = p**3 - 33*p**2 + 13*p - 116. What are the prime factors of t(36)?
2, 5, 53
Let o = 12 + -9. Let h be o/(18/(-4))*-3. Suppose -3*c + 50 = h*c - b, c = 3*b - 4. List the prime factors of c.
11
Let c = 247 + -243. Let j = -78 + 166. Suppose c*m = j + 44. List the prime factors of m.
3, 11
Let k(b) = 2*b**3 + b**2 - 6*b + 6. Suppose 15 = 4*l - 1. Let n be k(l). Let w = -78 + n. List the prime factors of w.
2, 3
Let c be 1502/(-9) + 2/(-18). Let b = -111 - c. List the prime factors of b.
2, 7
What are the prime factors of 3 - (-32469)/15 - (-4)/10?
2, 271
Let p(y) = -2*y**3 + 8*y**2 - 6*y. Let c be p(7). Let l be ((-6)/(-7))/((-6)/c). List the prime factors of l/((45/6)/5).
2
List the prime factors of (3260/40)/((-2)/(-4)).
163
Suppose 11*q + 1775 - 12236 = 0. What are the prime factors of q?
3, 317
Suppose -9*t = -8*t - 2. List the prime factors of t/(-4) - ((-980)/8 - 5).
127
Let r be (-8)/(-20) - (-56)/10. Suppose 0 = -r*c + 10*c. Suppose -2*i + 2*s = 3*i - 23, -4*i - 4*s + 24 = c. List the prime factors of i.
5
Let a(x) be the first derivative of 14*x**3/3 - 3*x**2/2 - 3*x - 2. Let j be a(-2). Suppose -q = -2*z + j, -5*z - 2*q - 2*q = -141. List the prime factors of z.
29
Let f(w) = -2*w + 2. Let m be f(-8). Suppose 0 = 5*d - 3*d - 2*q - m, 4*d = 5*q + 41. Let k(l) = l**2 - l - 9. What are the prime factors of k(d)?
3
Let h(o) = o**3 + o + 109. Let a be h(0). Suppose 151 = -5*v - a. Let z = 84 + v. What are the prime factors of z?
2
Suppose 4*a - 3*r = 2957, 4*a + 5*r - 4616 = -1619. What are the prime factors of a?
743
Let p(w) = 2*w**2 - 3*w - 8. Let q be p(-8). Let c = q + -65. List the prime factors of c.
79
Let v(n) = n**3 + 5*n**2 - 6*n + 13. Let q be (-2 - 0 - 0)/(4/(-6)). List the prime factors of v(q).
67
Let j = 317 - 48. Suppose -4*t = -4*v - j - 39, -4*v = 16. List the prime factors of t.
73
Let p = 8 + -5. Suppose -6 = p*z + 9. List the prime factors of z*(2 + 39/(-15)).
3
Let s(n) = n - 1. Let b(a) = 34*a - 21. Let l(x) = b(x) - 5*s(x). Let w be l(8). Suppose 4*i - 148 = -4*p, 5*i = 5*p - w + 41. What are the prime factors of p?
2, 3
Suppose -20*g + 476 = -16*g. Suppose -671 = -6*n - g. List the prime factors of n.
2, 23
List the prime factors of ((-9)/12*-796)/1.
3, 199
Let r(u) = u**2 + 2*u + 77. Let z be r(0). Suppose -97 - z = -3*t. What are the prime factors of t?
2, 29
Let m(h) = -h**3 - 5*h**2 + 4*h - 8. Let z be m(-6). Suppose -z*r = -42 - 6. Let i = r + -6. List the prime factors of i.
2, 3
Let x(b) = b**3 - 11*b**2 + 3. Let p = 0 - 0. Suppose 4*y - 3*j - 50 = 0, p = j + 1 + 1. What are the prime factors of x(y)?
3
Let y(c) = -4*c**2 + 2*c + 0*c**3 - 4*c - 4 - c**3 + 2*c**2. Let w be y(-2). Suppose 2*o + w*l - 5*l = 26, -2*o - 5*l = -6. List the prime factors of o.
2
Let r(f) = f**2 - 17*f + 13. Suppose -2*p - 76 = -6*p. What are the prime factors of r(p)?
3, 17
Suppose -2*h + 0*h - 14 = 0. Let g(s) = -3*s**2 + 9*s - 2 - 11*s**2 - 3*s + 15*s**2. What are the prime factors of g(h)?
5
Let o(k) = 2*k**2 - 5*k + 10. Let f be o(4). Suppose 2*p - 328 = f. Suppose -9*z + 14*z = p. What are the prime factors of z?
5, 7
What are the prime factors of (24/12)/((-6)/15) + 536?
3, 59
Suppose -14*p = -23*p + 7083. What are the prime factors of p?
787
Let y(s) = -13*s**2 + s - 1. Let c be y(-2). Let j = 85 + c. What are the prime factors of j?
2, 3, 5
Suppose -y + 2*c = 7*c + 2, 4*c + 16 = 4*y. Suppose -y*v = -0*v + 36. Let l = v - -26. List the prime factors of l.
2, 7
Let k be (-1 - 0)*6/1. Let g be (16/4)/(k/(-9)). Suppose g*f + 64 = 10*f. List the prime factors of f.
2
Let c(f) = -f + 1. Let k be c(-5). Let i(y) = y**3 - 2*y**2 - 7*y + 11. List the prime factors of i(k).
113
Let r be (-350)/42 + 2/6. List the prime factors of 3*(-4 - r)*4.
2, 3
Let w(y) = y - 13. Let k(n) = n - 12. Let o(c) = -6*k(c) + 5*w(c). Let t be o(0). Suppose -2*z + t = -z. List the prime factors of z.
7
Let l = -1514 - -2570. List the prime factors of l.
2, 3, 11
Let j(p) = 4*p**3 - 2*p**2 + 2*p. Let n be j(1). Suppose -4*y + 498 = n*u - 3*y, -5*u + 617 = 4*y. What are the prime factors of u?
5
Suppose -4*r = 4*c - 876, 0 = 4*c + c - 5*r - 1105. Let s = -129 + c. What are the prime factors of s?
7, 13
Let f be (4/(-10))/(1/(-5))*31. Let r = 1 + f. List the prime factors of r.
3, 7
Let a(v) be the first derivative of -7 + 3*v + 11/2*v**2. List the prime factors of a(2).
5
Let q = 975 - 502. Suppose -q = -5*b + 177. Suppose v = 6*v - b. List the prime factors of v.
2, 13
Let f be -4*1 + 1 - -3. Let b be (-1)/(1/(1 - f)). What are the prime factors of b/2 + (-205)/(-10)?
2, 5
Le